p(f) = -f**3 - 17*f**2 - 112*f - 1103. Determine p(-15).
127
Let x(r) = 173*r**2 - 161*r - 307. Calculate x(-2).
707
Let s(v) = 85*v**2 + 643*v + 1151. Calculate s(-5).
61
Let q(b) = -162*b**2 + 328667*b + 62897. Determine q(2029).
-2
Let i(c) = -89*c**2 - 128432*c - 7222. Give i(-1443).
-7
Let k(u) = -939*u - 4690. Give k(-5).
5
Let r(t) = -58*t**2 - 321*t + 1189. Determine r(4).
-1023
Let g(v) = v**3 - 211*v**2 - 414*v + 1143. Determine g(213).
3699
Let w(y) = 22*y + 311. Determine w(-81).
-1471
Let d(y) = 474*y + 5237. Give d(-10).
497
Let c(s) = 26*s**3 + 958*s**2 - 80*s + 2556. Determine c(-37).
40
Let d(f) = f**2 + 972*f - 231645. Give d(198).
15
Let y(m) = 434*m + 53790. Determine y(-124).
-26
Let q(k) = -115*k**2 - 9*k + 77. Give q(-1).
-29
Let j(b) = -674*b**2 - 5997*b + 18. Give j(-9).
-603
Let p(y) = 60*y**2 - 1785*y - 2363. Give p(31).
-38
Let d(s) = s**3 - 26*s**2 + 190*s - 742. What is d(20)?
658
Let l(y) = 18*y**3 + 57*y**2 + 129*y + 13. What is l(-2)?
-161
Let h(x) = 7*x**2 - 963*x - 3480. Give h(141).
-96
Let h(o) = -o**3 + 408*o**2 - 500*o + 37857. Determine h(407).
6
Let f(k) = -37*k + 3711. Determine f(44).
2083
Let i(f) = -45*f**2 - 2580*f - 5765. Give i(-55).
10
Let n(w) = 772*w**2 - 9554*w + 3489. What is n(12)?
9
Let t(x) = -2249*x - 1549555. Determine t(-689).
6
Let u(m) = -336410*m - 1009223. Calculate u(-3).
7
Let g(l) = 43*l**2 - 349*l + 327. Calculate g(-8).
5871
Let r(j) = -4822*j - 3872116. What is r(-803)?
-50
Let g(b) = -17*b**3 - 247*b**2 - 368*b + 3219. Calculate g(-11).
7
Let h(l) = 195*l**3 + 3*l**2 - 18149*l + 18146. What is h(1)?
195
Let g(i) = 8*i**2 - 804*i + 18901. What is g(63)?
1
Let v(l) = 33*l**3 + 330*l**2 - l - 15. Calculate v(-10).
-5
Let u(p) = 47*p**2 - 242*p + 483. What is u(10)?
2763
Let j(n) = 2*n**3 - 6*n**2 + 478*n - 1942. Determine j(4).
2
Let a(z) = 2*z**3 + 138*z**2 + 2357*z + 17. What is a(-38)?
-21
Let k(x) = 6003*x + 24696. What is k(-4)?
684
Let g(v) = -48*v**2 + 3034*v - 657. Calculate g(63).
-27
Let t(d) = 2205*d + 154364. Give t(-70).
14
Let q(m) = 10824*m + 30. Calculate q(0).
30
Let a(d) = -5*d**2 + 2061*d - 14567. Give a(405).
13
Let c(n) = -1941*n - 11688. Give c(-6).
-42
Let b(q) = -q**3 - 518*q**2 + 24*q + 12419. Give b(-518).
-13
Let k(h) = -h**3 - 27*h**2 + 422*h + 11696. Calculate k(-22).
-8
Let q(v) = v**3 - 21*v**2 + 15*v - 16. Calculate q(0).
-16
Let f(n) = -404*n**2 - 2352*n + 411. Calculate f(-6).
-21
Let z(y) = -133*y**2 + 2605*y + 1117. Calculate z(20).
17
Let q(k) = -52*k**2 - 12647*k + 10016. Determine q(-244).
12
Let j(y) = 55494*y - 111337. Calculate j(2).
-349
Let b(p) = 1210*p**2 + 13*p - 15. Determine b(1).
1208
Let o(j) = 2*j**2 - 76*j - 108790. Calculate o(-215).
0
Let t(f) = 40*f**2 + 112*f - 29. Give t(-4).
163
Let u(o) = o**3 - 43*o**2 + 364*o - 17947. Give u(44).
5
Let x(c) = -c**3 + 109*c**2 - 1838*c - 775. Determine x(88).
105
Let d(y) = 116*y - 12031. What is d(105)?
149
Let u(v) = 333*v + 8569. Determine u(-26).
-89
Let k(y) = -y**3 + 767*y**2 - 17836*y + 2963. Calculate k(743).
-9
Let x(w) = -3*w**2 - 16113*w - 48323. Determine x(-3).
-11
Let l(v) = 4082*v + 20343. What is l(-5)?
-67
Let f(u) = 2*u**2 - 221288*u - 1106484. Determine f(-5).
6
Let r(l) = -575*l**2 - 64404*l - 430. What is r(-112)?
18
Let i(s) = -2981*s - 1094194. Determine i(-367).
-167
Let o(u) = 2*u**3 + 84*u**2 + 110*u - 572. Give o(-40).
1428
Let w(g) = -2*g**2 + 126*g + 771. Determine w(72).
-525
Let d(a) = -8266*a**2 - 16537*a - 42. Determine d(-2).
-32
Let l(s) = 369*s + 22956. Give l(-60).
816
Let g(d) = -d**2 + 169*d - 3659. What is g(143)?
59
Let v(c) = 2*c**3 + 193*c**2 - 130*c - 3780. What is v(-97)?
-579
Let a(f) = -8146*f + 42260. Calculate a(5).
1530
Let c(a) = -2*a**3 + 511*a**2 - 1106*a - 40250. Calculate c(253).
-23
Let t(s) = 4300*s + 60205. What is t(-14)?
5
Let w(y) = 977*y + 542228. Give w(-555).
-7
Let m(g) = 2*g**2 + 168*g - 292. Determine m(-78).
-1228
Let k(v) = -380*v**2 + 1128*v - 8. What is k(3)?
-44
Let k(z) = 5868*z + 1038636. Give k(-177).
0
Let p(q) = -803*q - 12017. What is p(-15)?
28
Let q(x) = -x**3 - 59*x**2 + 1355*x - 1059. Give q(17).
12
Let y(u) = 2*u**2 - 1089*u + 32680. Give y(32).
-120
Let z(c) = 600*c - 4700. Calculate z(7).
-500
Let k(m) = -3*m**3 - 49*m**2 + 22*m + 664. Calculate k(-16).
56
Let y(i) = -i**3 + 91*i**2 - 70*i - 349. Give y(90).
1451
Let b(p) = -14*p + 2110. Give b(152).
-18
Let x(y) = -7*y - 695. Calculate x(58).
-1101
Let n(x) = 10*x**3 + 100*x**2 - 355*x - 1389. Determine n(-12).
-9
Let b(z) = 4*z**2 - 38054*z + 228308. Calculate b(6).
128
Let z(k) = -2356*k + 381677. Give z(162).
5
Let o(v) = 17*v**3 - 3*v**2 + 3828*v + 3831. What is o(-1)?
-17
Let f(z) = -z**2 - 194*z + 6719. What is f(30)?
-1
Let d(n) = 127*n**2 - 4071*n + 41. Calculate d(32).
-183
Let m(b) = 2965*b - 29673. Give m(10).
-23
Let h(i) = i**3 + 289*i**2 + 277*i - 3441. Calculate h(-288).
-273
Let o(l) = -100*l**2 - 218*l - 429. What is o(-2)?
-393
Let a(k) = -22*k**2 - 911*k + 522. Determine a(-42).
-24
Let h(d) = -11*d**2 - 1234*d + 435. Determine h(-113).
-582
Let o(m) = 13*m**3 - 127*m**2 - 37*m + 103. Calculate o(10).
33
Let r(w) = w**3 - 34*w**2 - 422*w + 940. What is r(-11)?
137
Let j(w) = w**3 + 138*w**2 + 579*w + 5766. What is j(-134)?
4
Let h(y) = -y**3 - 335*y**2 - 11827*y - 7975. What is h(-295)?
-10
Let q(d) = d**2 + 1184*d - 34440. What is q(29)?
737
Let d(u) = -3*u**3 + 13*u**2 - 45*u + 19. Calculate d(9).
-1520
Let b(h) = 14*h**3 - 129*h**2 + 180*h - 1369. Calculate b(9).
8
Let h(p) = -22404*p + 5780233. Determine h(258).
1
Let y(d) = 46054*d + 46222. Calculate y(-1).
168
Let c(b) = 3*b**3 - 4*b**2 - 9*b + 145. Determine c(-8).
-1575
Let y(q) = q**3 + 1472*q**2 + 211053*q - 23610. What is y(-1311)?
-12
Let h(d) = 5*d**3 + 100*d**2 - 211*d + 112. Calculate h(-22).
-86
Let j(s) = -23959*s + 1030271. What is j(43)?
34
Let m(q) = -65*q**2 - 599*q - 1200. Give m(-2).
-262
Let w(a) = 30*a**3 + 138*a**2 - 61*a - 285. Determine w(-4).
247
Let n(w) = -475*w**2 - 5*w - 6. Determine n(-1).
-476
Let q(r) = -13158*r + 105248. Calculate q(8).
-16
Let x(u) = 9*u**3 - 126*u**2 - 187*u + 2702. Determine x(14).
84
Let m(o) = -6656*o - 93094. Give m(-14).
90
Let p(j) = -273*j - 31497. Give p(-111).
-1194
Let k(f) = f**2 + 19607*f - 530146. Determine k(27).
-28
Let y(n) = 2*n**2 - 490*n - 10487. What is y(-22)?
1261
Let h(l) = 13*l**3 - 277*l**2 - 197*l - 171. Give h(22).
-149
Let f(n) = 16701*n + 835066. Give f(-50).
16
Let z(s) = 2264*s**2 - 4516*s - 2. What is z(2)?
22
Let t(x) = 469*x**2 + 316*x + 573. Determine t(-2).
1817
Let c(y) = 122801*y - 11297684. What is c(92)?
8
Let j(y) = -2*y**2 - 42939*y - 85871. Determine j(-2).
-1
Let x(g) = 9*g**3 - 2296*g**2 + 261*g - 1604. Determine x(255).
-74
Let r(t) = -t**2 - 70*t + 39132. Give r(166).
-44
Let u(k) = 8*k**2 + 277*k + 5531. What is u(-19)?
3156
Let m(t) = 2*t**3 + 134*t**2 + 790*t + 31. Calculate m(-6).
-317
Let s(h) = -h**3 - 77*h**2 - 604*h + 24. Calculate s(-9).
-48
Let c(i) = -1103*i**2 + 77*i - 63. Give c(1).
-1089
Let i(j) = j**3 - 43*j**2 - 70*j + 446. What is i(44)?
-698
Let o(l) = -248*l - 130. Give o(5).
-1370
Let s(l) = 19756*l - 315961. Determine s(16).
135
Let g(w) = -2*w**2 + 351*w + 37180. Calculate g(250).
-70
Let n(p) = -708*p + 303. What is n(-1)?
1011
Let b(k) = 4*k**3 + 64*k**2 - 221*k - 46. Calculate b(-20).
-2026
Let v(o) = -2*o**2 + 10038*o + 90500. Determine v(-9).
-4
Let o(w) = w**2 + 165*w - 1294. What is o(8)?
90
Let q(j) = -39*j**2 - 81*j + 166. Determine q(-5).
-404
Let p(w) = -664*w**2 + 1520*w - 382. Calculate p(2).
2
Let p(n) = -25*n**2 + 1560*n + 37658. What is p(81)?
-7
Let r(g) = 15277*g - 5316444. Calculate r(348).
-48
Let b(q) = 73*q + 426. Calculate b(14).
1448
Let i(h) = 9*h**2 - 867*h + 16684. What is i(26)?
226
Let v(g) = -g**2 + 204*g + 7446. What is v(-31)?
161
Let n(f) = 29730*f + 1516229. Calculate n(-51).
-1
Let m(c) = 522*c**2 - 24011*c + 26. Calculate m(46).
72
Let q(i) = i**3 + 23266*i**2 - 2289670*i - 191. Give q(98).
5
Let m(i) = i**3 - 154*i**2 + 877*i + 2420. Determine m(148).
792
Let p(i) = 2*i**3 + 548*i**2 - 5075*i + 611. Calculate p(-283).
-4766
Let k(h) = h + 1779. Calculate k(-70).
1709
Let y(n) = -90*n + 4786. Determine y(66).
-1154
Le